{"id":721,"date":"2021-08-06T14:56:16","date_gmt":"2021-08-06T17:56:16","guid":{"rendered":"http:\/\/www.gfeoswaldocruz.com.br\/gfeoc\/?page_id=721"},"modified":"2022-12-08T15:15:57","modified_gmt":"2022-12-08T18:15:57","slug":"prestacao-de-contas","status":"publish","type":"page","link":"https:\/\/www.gfeoswaldocruz.com.br\/gfeoc\/prestacao-de-contas\/","title":{"rendered":"Presta\u00e7\u00e3o de contas"},"content":{"rendered":"<p>[vc_row][vc_column][vc_toggle title=&#8221;Contas (Banco e Caixa) 2021&#8243;]<\/p>\n<ul>\n<li><a href=\"http:\/\/www.gfeoswaldocruz.com.br\/gfeoc\/wp-content\/uploads\/2021\/08\/01-Planilha-unica-Bancario-e-caixa-GFEOC-Janeiro-2021.pdf\">01 &#8211; Planilha \u00fanica (Banc\u00e1rio e caixa) GFEOC Janeiro 2021<\/a><\/li>\n<li><a href=\"http:\/\/www.gfeoswaldocruz.com.br\/gfeoc\/wp-content\/uploads\/2021\/08\/02-Planilha-de-Caixa-GFEOC-Fevereiro-2021.pdf\">02 &#8211; Planilha de Caixa GFEOC Fevereiro 2021<\/a><\/li>\n<li><a href=\"http:\/\/www.gfeoswaldocruz.com.br\/gfeoc\/wp-content\/uploads\/2021\/08\/02-Planilha-Bancario-GFEOC-fevereiro-2021.pdf\">02 &#8211; Planilha Banc\u00e1rio GFEOC Fevereiro 2021<\/a><\/li>\n<li><a href=\"http:\/\/www.gfeoswaldocruz.com.br\/gfeoc\/wp-content\/uploads\/2021\/08\/03-Planilha-Caixa-GFEOC-Marco-2021.pdf\">03 &#8211; Planilha Caixa GFEOC Mar\u00e7o 2021<\/a><\/li>\n<li><a href=\"http:\/\/www.gfeoswaldocruz.com.br\/gfeoc\/wp-content\/uploads\/2021\/08\/03-Planilha-Bancario-GFEOC-marco-2021.pdf\">03 &#8211; Planilha Banc\u00e1rio GFEOC Mar\u00e7o 2021<\/a><\/li>\n<li><a href=\"http:\/\/www.gfeoswaldocruz.com.br\/gfeoc\/wp-content\/uploads\/2021\/08\/04-Planiha-GFEOC-Caixa-Abril-2021.pdf\">04 &#8211; Planilha GFEOC Caixa Abril 2021<\/a><\/li>\n<li><a href=\"http:\/\/www.gfeoswaldocruz.com.br\/gfeoc\/wp-content\/uploads\/2021\/08\/04-Planiha-Bancario-GFEOC-Abril-2021.pdf\">04 &#8211; Planiha Banc\u00e1rio GFEOC Abril 2021<\/a><\/li>\n<li><a href=\"http:\/\/www.gfeoswaldocruz.com.br\/gfeoc\/wp-content\/uploads\/2021\/08\/05-Planilha-Caixa-GFEOC-Maio-2021.pdf\">05 &#8211; Planilha Caixa GFEOC Maio 2021<\/a><\/li>\n<li><a href=\"http:\/\/www.gfeoswaldocruz.com.br\/gfeoc\/wp-content\/uploads\/2021\/08\/05-Planilha-Bancario-GFEOC-Maio-2021.pdf\">05 &#8211; Planilha Banc\u00e1rio GFEOC Maio 2021<\/a><\/li>\n<li><a href=\"http:\/\/www.gfeoswaldocruz.com.br\/gfeoc\/wp-content\/uploads\/2021\/08\/06-Planilha-Caixa-GFEOC-Junho-2021.pdf\">06 &#8211; Planilha Caixa GFEOC Junho 2021<\/a><\/li>\n<li><a href=\"http:\/\/www.gfeoswaldocruz.com.br\/gfeoc\/wp-content\/uploads\/2021\/08\/06-Planilha-Bancario-GFEOC-Junho-2021.pdf\">06 &#8211; Planilha Banc\u00e1rio GFEOC Junho 2021 <\/a><\/li>\n<li><a href=\"http:\/\/www.gfeoswaldocruz.com.br\/gfeoc\/wp-content\/uploads\/2021\/08\/07-Planilha-Caixa-GFEOC-Julho-2021.pdf\">07 &#8211; Planilha Caixa GFEOC Julho 2021<\/a><\/li>\n<li><a href=\"http:\/\/www.gfeoswaldocruz.com.br\/gfeoc\/wp-content\/uploads\/2021\/08\/07-Planilha-Bancario-GFEOC-Julho-2021.pdf\">07 &#8211; Planilha Banc\u00e1rio GFEOC Julho 2021<\/a><\/li>\n<li><a href=\"http:\/\/www.gfeoswaldocruz.com.br\/gfeoc\/wp-content\/uploads\/2021\/09\/08-Planilha-Caixa-GFEOC-Agosto-2021.pdf\">08- Planilha Caixa GFEOC Agosto 2021<\/a><\/li>\n<li><a href=\"http:\/\/www.gfeoswaldocruz.com.br\/gfeoc\/wp-content\/uploads\/2021\/09\/08-Planilha-Bancario-GFEOC-Agosto-2021.pdf\">08- Planilha Banc\u00e1rio GFEOC Agosto 2021<\/a><\/li>\n<\/ul>\n<p>[\/vc_toggle][vc_toggle title=&#8221;Extratos Conta Corrente 2021&#8243;]<\/p>\n<ul>\n<li><a href=\"http:\/\/www.gfeoswaldocruz.com.br\/gfeoc\/wp-content\/uploads\/2021\/08\/Extrato-Mensal-B0033-Janeiro2021.pdf\">01 &#8211; Extrato Mensal &#8211; Janeiro 2021 Correspond\u00eancia<\/a><\/li>\n<li><a href=\"http:\/\/www.gfeoswaldocruz.com.br\/gfeoc\/wp-content\/uploads\/2021\/08\/Extrato-Mensal-B0033_Fevereiro2021.pdf\">02 &#8211; Extrato Mensal &#8211; Fevereiro 2021 Correspond\u00eancia<\/a><\/li>\n<li><a href=\"http:\/\/www.gfeoswaldocruz.com.br\/gfeoc\/wp-content\/uploads\/2021\/08\/GFEOC-extrato-marco-2021.pdf\">03 &#8211; Extrato Mensal &#8211; Mar\u00e7o 2021 Caixa Eletr\u00f4nico <\/a><\/li>\n<li><a href=\"http:\/\/www.gfeoswaldocruz.com.br\/gfeoc\/wp-content\/uploads\/2021\/08\/04-Extrato-Abril-2021-Cx.-Eletronico.pdf\">04 &#8211; Extrato Mensal &#8211; Abril 2021 Caixa Eletr\u00f4nico<\/a><\/li>\n<li><a href=\"http:\/\/www.gfeoswaldocruz.com.br\/gfeoc\/wp-content\/uploads\/2021\/08\/05-Extrato-GFEOC-Maio-201-CX.-ELetronico.pdf\">05 &#8211; Extrato Mensal &#8211; Maio 2021 Caixa Eletr\u00f4nico<\/a><\/li>\n<li><a href=\"http:\/\/www.gfeoswaldocruz.com.br\/gfeoc\/wp-content\/uploads\/2021\/08\/06-Extrato-junho-2021-Caixa-Eletronico.pdf\">06 &#8211; Extrato Mensal &#8211; Junho 2021 Caixa Eletr\u00f4nico<\/a><\/li>\n<li><a href=\"http:\/\/www.gfeoswaldocruz.com.br\/gfeoc\/wp-content\/uploads\/2021\/08\/07-Extrato-Julho-2021-Cx.-El..pdf\">07 &#8211; Extrato Mensal &#8211; Julho 2021 Caixa Eletr\u00f4nico<\/a><\/li>\n<li><a href=\"http:\/\/www.gfeoswaldocruz.com.br\/gfeoc\/wp-content\/uploads\/2021\/09\/S_-Extrato-agosto-2021-Cx.-El..pdf\">08 &#8211; Extrato Mensal\u00a0 &#8211; Agosto 2021 Caixa Eletr\u00f4nico<\/a><\/li>\n<\/ul>\n<p>[\/vc_toggle][vc_toggle title=&#8221;Relat\u00f3rios das Atividades das Coordenadorias &#8220;]<a href=\"https:\/\/docs.google.com\/document\/d\/1-3QNKQzEvoGjErRSrQdiC8FnK-BmRjyv\/edit?invite=CLTPlzk\">2021<\/a>[\/vc_toggle][\/vc_column][\/vc_row]<\/p>\n","protected":false},"excerpt":{"rendered":"<p>[vc_row][vc_column][vc_toggle title=&#8221;Contas (Banco e Caixa) 2021&#8243;] 01 &#8211; Planilha \u00fanica (Banc\u00e1rio e caixa) GFEOC Janeiro 2021 02 &#8211; Planilha de Caixa GFEOC Fevereiro 2021 02 &#8211; Planilha Banc\u00e1rio GFEOC Fevereiro [&hellip;]<\/p>\n","protected":false},"author":1,"featured_media":0,"parent":0,"menu_order":0,"comment_status":"closed","ping_status":"closed","template":"","meta":[],"_links":{"self":[{"href":"https:\/\/www.gfeoswaldocruz.com.br\/gfeoc\/wp-json\/wp\/v2\/pages\/721"}],"collection":[{"href":"https:\/\/www.gfeoswaldocruz.com.br\/gfeoc\/wp-json\/wp\/v2\/pages"}],"about":[{"href":"https:\/\/www.gfeoswaldocruz.com.br\/gfeoc\/wp-json\/wp\/v2\/types\/page"}],"author":[{"embeddable":true,"href":"https:\/\/www.gfeoswaldocruz.com.br\/gfeoc\/wp-json\/wp\/v2\/users\/1"}],"replies":[{"embeddable":true,"href":"https:\/\/www.gfeoswaldocruz.com.br\/gfeoc\/wp-json\/wp\/v2\/comments?post=721"}],"version-history":[{"count":15,"href":"https:\/\/www.gfeoswaldocruz.com.br\/gfeoc\/wp-json\/wp\/v2\/pages\/721\/revisions"}],"predecessor-version":[{"id":792,"href":"https:\/\/www.gfeoswaldocruz.com.br\/gfeoc\/wp-json\/wp\/v2\/pages\/721\/revisions\/792"}],"wp:attachment":[{"href":"https:\/\/www.gfeoswaldocruz.com.br\/gfeoc\/wp-json\/wp\/v2\/media?parent=721"}],"curies":[{"name":"wp","href":"https:\/\/api.w.org\/{rel}","templated":true}]}}